22000110 (base 3) in base 9?
-28013
What is -2010200110000 (base 3) in base 16?
-115311
What is 18a63c (base 14) in base 9?
1571583
What is -10323111023 (base 4) in base 9?
-2377655
d5c83 (base 16) to base 9
1574145
Convert -12024144 (base 6) to base 13.
-102652
Convert 4366160 (base 7) to base 12.
21b118
Convert 1528a5 (base 11) to base 14.
62a41
Convert -10042177 (base 8) to base 15.
-2bb892
Convert -1001100100001100011000 (base 2) to base 3.
-11201101201000
-687634 (base 11) to base 4
-10022332022
Convert -1000101001101111001 (base 2) to base 14.
-7546d
-366511 (base 7) to base 5
-4122023
-683858 (base 9) to base 12
-1790b2
What is -34343235 (base 6) in base 14?
-1d6a23
-9578 (base 16) to base 3
-1221111012
716463 (base 9) to base 2
1100111101011010011
What is 27360753 (base 8) in base 5?
3033341213
What is 649168 (base 14) in base 9?
6360531
What is -552522 (base 7) in base 3?
-11221001010
Convert 343441 (base 5) to base 8.
30123
Convert -980336 (base 10) to base 7.
-11222060
7f489d (base 16) to base 5
4113413121
-875474 (base 9) to base 4
-1333201303
-28d5a4 (base 15) to base 7
-22510150
178318 (base 11) to base 14
720c0
Convert 1033113313 (base 4) to base 2.
1001111010111110111
365976 (base 14) to base 10
1859556
Convert -1061342 (base 7) to base 15.
-29435
ab4dd (base 14) to base 4
1211121123
-2e2468 (base 16) to base 15
-3eaed6
Convert 954926 (base 11) to base 7.
15666014
Convert 5126614 (base 7) to base 14.
11d17b
Convert -207737 (base 9) to base 11.
-85018
Convert 327639 (base 13) to base 6.
41241230
Convert -138433 (base 10) to base 4.
-201303001
What is 6345647 (base 8) in base 15?
235d75
1203366 (base 7) to base 13
5453a
-e6bd52 (base 16) to base 15
-14da7b6
What is -11101000211000 (base 3) in base 2?
-1000110111001011110100
Convert 1132203022 (base 4) to base 10.
387274
-13236533 (base 8) to base 10
-2964827
-1100122400 (base 5) to base 15
-315ca0
-b6ab (base 13) to base 6
-313122
-2a156a0 (base 12) to base 3
-120222100222110
What is -219625 (base 10) in base 4?
-311213221
What is 1111010110101001001 (base 2) in base 13?
148000
What is -1142452 (base 6) in base 10?
-60224
26a29 (base 15) to base 4
132032031
-2312270 (base 8) to base 7
-5223413
What is -a55dc (base 14) in base 6?
-12315250
Convert 4bf49c (base 16) to base 10.
4977820
284a720 (base 11) to base 8
22552521
Convert 111788 (base 9) to base 6.
1234042
What is -478a (base 15) in base 7?
-62221
2c7722 (base 14) to base 9
2833127
What is 203212103 (base 4) in base 9?
242012
What is 34003 (base 5) in base 14?
c1c
-1001101000111100111101 (base 2) to base 8
-11507475
Convert 325356 (base 8) to base 14.
2bb8a
What is 44b0 (base 12) in base 10?
7620
What is 6254505 (base 9) in base 14?
63036b
What is 1011000001010011 (base 2) in base 5?
2421024
Convert -10101101101100100001100 (base 2) to base 13.
-1243860
Convert -7443a7 (base 12) to base 7.
-21400543
What is 12109 (base 15) in base 6?
1122413
Convert -17754 (base 13) to base 5.
-2421232
Convert 1331837 (base 10) to base 16.
14527d
Convert -5843533 (base 9) to base 7.
-35563230
Convert dcd0bd (base 14) to base 15.
9cdc63
-132231011 (base 4) to base 5
-13011030
-3244320043 (base 5) to base 11
-3a69a41
14a798 (base 15) to base 12
4011bb
What is 241303105 (base 6) in base 2?
10001010110110000010001
1622304 (base 7) to base 13
7b02a
-370774 (base 8) to base 9
-213778
15152520 (base 6) to base 15
a6716
What is -4939c (base 15) in base 8?
-710341
21022012222 (base 3) to base 2
100011000110011110
Convert 184578 (base 9) to base 10.
114929
What is 15c2c24 (base 14) in base 5?
10214000040
2850b0 (base 13) to base 2
11101111110010111010
Convert -20110737 (base 8) to base 15.
-588c4c
What is 110100202 (base 3) in base 13?
4142
What is -222111020 (base 4) in base 11?
-1092a2
608b8 (base 13) to base 6
3412153
-101011101101 (base 2) to base 3
-10211121
808595 (base 10) to base 13
224078
-1331234 (base 11) to base 15
-30684c
Convert -24642 (base 8) to base 7.
-43034
What is 19a619b (base 14) in base 15?
11c3e8e
What is -26d (base 16) in base 6?
-2513
2000320011 (base 4) to base 12
215599
What is 550002102 (base 6) in base 7?
146166161
What is -3032123301 (base 4) in base 6?
-30042333
What is -130302200 (base 4) in base 2?
-11100110010100000
20801 (base 11) to base 4
13120223
Convert 56361034 (base 7) to base 6.
252441204
What is -36439 (base 15) in base 4?
-222100113
Convert -114625 (base 12) to base 8.
-1035575
b3234 (base 14) to base 16
6948e
1020201100212 (base 3) to base 10
663656
Convert -1464190 (base 10) to base 15.
-1ddc7a
What is 100100111010101010100101 (base 2) in base 7?
145154135
Convert -736352 (base 8) to base 15.
-4c8b5
Convert -21042022 (base 5) to base 13.
-61648
What is 13031657 (base 9) in base 4?
120122010202
What is -122a614 (base 11) in base 14?
-3d8b08
-85550 (base 10) to base 16
-14e2e
594183 (base 10) to base 12
247a33
Convert 314341431 (base 5) to base 7.
14154566
What is 666834 (base 10) in base 8?
2426322
212311000111 (base 4) to base 3
201011010101111
Convert -13412503 (base 6) to base 11.
-28a315
-11627a (base 11) to base 13
-659a5
What is -100110001001010010010111 (base 2) in base 16?
-989497
27043 (base 14) to base 16
17763
Convert -332066 (base 12) to base 14.
-172010
4e028 (base 15) to base 14
67060
What is 10c0c9 (base 13) in base 6?
12305434
Convert -71630 (base 14) to base 15.
-55cb9
What is -33b0a (base 12) in base 10?
-68986
-1202010120 (base 3) to base 15
-a2a9
697b80 (base 12) to base 15
236b2c
442710 (base 8) to base 7
1160134
Convert -740316 (base 8) to base 16.
-3c0ce
Convert -406011 (base 11) to base 16.
-9f3aa
What is 11d1b (base 14) in base 9?
65882
What is 67324 (base 10) in base 9?
112314
Convert 33613754 (base 8) to base 15.
98c34a
Convert -25654736 (base 8) to base 15.
-7812c8
Convert 7364a6 (base 11) to base 14.
229da2
Convert 315203 (base 8) to base 4.
121222003
Convert 2660661 (base 7) to base 5.
42212013
What is -1252550 (base 9) in base 3?
-1021202121200
Convert -2a3059 (base 13) to base 5.
-231103421
-13bd5d (base 14) to base 2
-10100111011100111111
-12042 (base 15) to base 7
-326312
Convert -3201404344 (base 5) to base 7.
-110455111
33250216 (base 7) to base 3
12101202221121
Convert 11240211 (base 6) to base 9.
578487
Convert -21254336 (base 7) to base 2.
-110111010010110111100
4314643 (base 12) to base 16
c21393
What is -52519 (base 10) in base 7?
-306055
-30101407 (base 8) to base 7
-104522142
-8b601 (base 14) to base 12
-144001
What is -2766660 (base 8) in base 13?
-214a92
-12254554 (base 7) to base 12
-454144
7cc0d1 (base 14) to base 5
2042240441
133826 (base 16) to base 12
508ab2
Convert 36133541 (base 7) to base 10.
3201836
Convert 151234320 (base 6) to base 10.
3146376
-11010110100100111 (base 2) to base 6
-2204343
Convert -121201011111 (base 3) to base 5.
-41011100
Convert 1117445 (base 10) to base 4.
10100310011
2031111232 (base 4) to base 2
10001101010101101110
What is -9638d (base 14) in base 11?
-228739
Convert -29e7e (base 16) to base 2.
-101001111001111110
Convert -21685 (base 14) to base 12.
-3a971
What is -12101202102 (base 3) in base 9?
-171672
3033321203 (base 4) to base 12
35096b
What is 3d62c2 (base 14) in base 7?
24050432
What is -10455250 (base 6) in base 11?
-1a849a
Convert 86052 (base 11) to base 14.
3388b
What is -1345317 (base 8) in base 3?
-201021201020
Convert -100112211010 (base 3) to base 11.
-119234
Convert 10010011011010000 (base 2) to base 10.
75472
227142 (base 8) to base 6
1354214
What is 1040755 (base 10) in base 14?
1d13d9
1463642 (base 7) to base 10
200636
127741 (base 11) to base 13
70384
What is 2013202021 (base 4) in base 11?
34a0a8
What is 542480 (base 9) in base 11?
200a29
Convert d0b39b (base 14) to base 11.
3a67221
Convert 166151 (base 9) to base 14.
29712
-32e13 (base 15) to base 12
-79769
132d1 (base 16) to base 14
208a5
What is -15c79 (base 13) in base 14?
-1128a
624032 (base 7) to base 11
73469
1476140 (base 8) to base 10
425056
111100001111111001100100 (base 2) to base 11
8a080a8
What is -8276 (base 15) in base 8?
-65651
What is -4788550 (base 9) in base 10?
-2597877
-45104314 (base 6) to base 7
-14401132
What is -1a95a (base 13) in base 14?
-14dd5
What is 28415 (base 14) in base 15?
1e792
Convert 7aa31 (base 13) to base 14.
5b6d